{"id":2120,"date":"2021-12-11T15:15:20","date_gmt":"2021-12-11T14:15:20","guid":{"rendered":"https:\/\/atelierdelarose.com\/?post_type=product&#038;p=2120"},"modified":"2023-10-01T20:26:59","modified_gmt":"2023-10-01T18:26:59","slug":"offre-atelier-de-la-rose-x-chocolaterie-henri-iv","status":"publish","type":"product","link":"https:\/\/atelierdelarose.com\/index.php\/product\/offre-atelier-de-la-rose-x-chocolaterie-henri-iv\/","title":{"rendered":"Bouquet gourmand Champ\u00eatre et ballotin"},"content":{"rendered":"<p>Un ballotin (+\/- 250g) et un bouquet \u00e0 35\u20ac<\/p>\n","protected":false},"excerpt":{"rendered":"<p>Offre Atelier de la Rose X <a href=\"https:\/\/chocolateriehenri4.com\/\">Chocolaterie Henri IV\u00a0<\/a><\/p>\n<p>Un d\u00e9licieux ballotin de pralines artisanales et un bouquet de fleurs fra\u00eeches Champ\u00eatre<\/p>\n","protected":false},"featured_media":2922,"template":"","meta":[],"product_brand":[],"product_cat":[76,78],"product_tag":[70],"class_list":{"0":"post-2120","1":"product","2":"type-product","3":"status-publish","4":"has-post-thumbnail","6":"product_cat-fetes-et-evenements","7":"product_cat-fleurs-et-chocolats","8":"product_tag-bouquet","10":"first","11":"instock","12":"shipping-taxable","13":"purchasable","14":"product-type-simple"},"_links":{"self":[{"href":"https:\/\/atelierdelarose.com\/index.php\/wp-json\/wp\/v2\/product\/2120","targetHints":{"allow":["GET"]}}],"collection":[{"href":"https:\/\/atelierdelarose.com\/index.php\/wp-json\/wp\/v2\/product"}],"about":[{"href":"https:\/\/atelierdelarose.com\/index.php\/wp-json\/wp\/v2\/types\/product"}],"wp:featuredmedia":[{"embeddable":true,"href":"https:\/\/atelierdelarose.com\/index.php\/wp-json\/wp\/v2\/media\/2922"}],"wp:attachment":[{"href":"https:\/\/atelierdelarose.com\/index.php\/wp-json\/wp\/v2\/media?parent=2120"}],"wp:term":[{"taxonomy":"product_brand","embeddable":true,"href":"https:\/\/atelierdelarose.com\/index.php\/wp-json\/wp\/v2\/product_brand?post=2120"},{"taxonomy":"product_cat","embeddable":true,"href":"https:\/\/atelierdelarose.com\/index.php\/wp-json\/wp\/v2\/product_cat?post=2120"},{"taxonomy":"product_tag","embeddable":true,"href":"https:\/\/atelierdelarose.com\/index.php\/wp-json\/wp\/v2\/product_tag?post=2120"}],"curies":[{"name":"wp","href":"https:\/\/api.w.org\/{rel}","templated":true}]}}