{"id":902,"date":"2020-08-25T07:30:35","date_gmt":"2020-08-25T05:30:35","guid":{"rendered":"http:\/\/ndexhnn.cluster029.hosting.ovh.net\/?page_id=902"},"modified":"2020-10-04T11:17:08","modified_gmt":"2020-10-04T09:17:08","slug":"services-societes","status":"publish","type":"page","link":"https:\/\/atelierdelarose.com\/index.php\/services-societes\/","title":{"rendered":"Services aux soci\u00e9t\u00e9s"},"content":{"rendered":"<p>[vc_row][vc_column][vc_column_text][\/vc_column_text][vc_column_text]<\/p>\n<div>\n<h4 style=\"text-align: center;\"><em><strong>Abonnements<\/strong><\/em><\/h4>\n<\/div>\n<div>\n<h4 style=\"text-align: center;\">Tout au long de l&#8217;ann\u00e9e, ou aux p\u00e9riodes souhait\u00e9es, nos compositions florales accompagnent votre entreprise \u00e0 chaque saison.<\/h4>\n<\/div>\n<p>[\/vc_column_text][vc_column_text]<\/p>\n<div>\n<h4 style=\"text-align: center;\"><em><strong>Ev\u00e9nements<\/strong><\/em><\/h4>\n<\/div>\n<div>\n<h4 style=\"text-align: center;\">Nous savons fleurir vos locaux au quotidien mais aussi vos \u00e9v\u00e9nements les plus importants: lancement d&#8217;un nouveau produit, soir\u00e9e d&#8217;entreprise (&#8230;).<\/h4>\n<\/div>\n<p>[\/vc_column_text][vc_column_text]<\/p>\n<div>\n<h4 style=\"text-align: center;\"><em><strong>Animation florale<\/strong><\/em><\/h4>\n<\/div>\n<div>\n<h4 style=\"text-align: center;\">Partageons notre amour du monde v\u00e9g\u00e9tal durant un atelier floral dans votre entreprise. Que ce soit pour renforcer la coh\u00e9sion entre collaborateurs ou pour stimuler leur cr\u00e9ativit\u00e9, nous nous adaptons \u00e0 votre strat\u00e9gie d\u2019entreprise. Un atelier peut \u00eatre organis\u00e9 en vos locaux \u00e0 partir de 10 personnes.<\/h4>\n<\/div>\n<p>[\/vc_column_text][\/vc_column][\/vc_row][vc_row][vc_column][vc_column_text]<\/p>\n<h3 style=\"text-align: center;\"><strong>Informations\u00a0n\u00e9cessaires au bon traitement de vos commandes<\/strong><\/h3>\n<h3 style=\"text-align: center;\"><em>Coordonn\u00e9es de livraison<\/em><\/h3>\n<h4 style=\"text-align: center;\">Nom de la soci\u00e9t\u00e9 et personne de contact<\/h4>\n<h4 style=\"text-align: center;\">Adresse compl\u00e8te<\/h4>\n<h4 style=\"text-align: center;\">Num\u00e9ro de t\u00e9l\u00e9phone<\/h4>\n<h4 style=\"text-align: center;\">Adresse email<\/h4>\n<h4 style=\"text-align: center;\">Jour de livraison souhait\u00e9 (du lundi au vendredi)<\/h4>\n<h3 style=\"text-align: center;\"><em>Coordonn\u00e9es de facturation<\/em><\/h3>\n<h4 style=\"text-align: center;\">Nom de la soci\u00e9t\u00e9 et personne de contact<\/h4>\n<h4 style=\"text-align: center;\">Adresse compl\u00e8te<\/h4>\n<h4 style=\"text-align: center;\">Num\u00e9ro de t\u00e9l\u00e9phone<\/h4>\n<h4 style=\"text-align: center;\">Adresse email (pour l&#8217;envoi de la facture)<\/h4>\n<h4 style=\"text-align: center;\">Num\u00e9ro de TVA<\/h4>\n<p>[\/vc_column_text][vc_empty_space][\/vc_column][\/vc_row][vc_row][vc_column][\/vc_column][\/vc_row]<\/p>\n","protected":false},"excerpt":{"rendered":"<p>[vc_row][vc_column][vc_column_text][\/vc_column_text][vc_column_text] Abonnements Tout au long de l&#8217;ann\u00e9e, ou aux p\u00e9riodes souhait\u00e9es, nos compositions florales accompagnent votre entreprise \u00e0 chaque saison. [\/vc_column_text][vc_column_text] Ev\u00e9nements Nous savons fleurir vos locaux au quotidien mais aussi vos \u00e9v\u00e9nements les plus importants: lancement d&#8217;un nouveau produit, soir\u00e9e d&#8217;entreprise (&#8230;). [\/vc_column_text][vc_column_text] Animation florale Partageons notre amour du monde v\u00e9g\u00e9tal durant un atelier [&hellip;]<\/p>\n","protected":false},"author":1,"featured_media":0,"parent":0,"menu_order":0,"comment_status":"closed","ping_status":"closed","template":"","meta":{"footnotes":""},"class_list":["post-902","page","type-page","status-publish","hentry"],"_links":{"self":[{"href":"https:\/\/atelierdelarose.com\/index.php\/wp-json\/wp\/v2\/pages\/902","targetHints":{"allow":["GET"]}}],"collection":[{"href":"https:\/\/atelierdelarose.com\/index.php\/wp-json\/wp\/v2\/pages"}],"about":[{"href":"https:\/\/atelierdelarose.com\/index.php\/wp-json\/wp\/v2\/types\/page"}],"author":[{"embeddable":true,"href":"https:\/\/atelierdelarose.com\/index.php\/wp-json\/wp\/v2\/users\/1"}],"replies":[{"embeddable":true,"href":"https:\/\/atelierdelarose.com\/index.php\/wp-json\/wp\/v2\/comments?post=902"}],"version-history":[{"count":14,"href":"https:\/\/atelierdelarose.com\/index.php\/wp-json\/wp\/v2\/pages\/902\/revisions"}],"predecessor-version":[{"id":1240,"href":"https:\/\/atelierdelarose.com\/index.php\/wp-json\/wp\/v2\/pages\/902\/revisions\/1240"}],"wp:attachment":[{"href":"https:\/\/atelierdelarose.com\/index.php\/wp-json\/wp\/v2\/media?parent=902"}],"curies":[{"name":"wp","href":"https:\/\/api.w.org\/{rel}","templated":true}]}}