{"id":178,"date":"2020-06-05T13:04:30","date_gmt":"2020-06-05T11:04:30","guid":{"rendered":"http:\/\/ndexhnn.cluster029.hosting.ovh.net\/?page_id=178"},"modified":"2021-07-06T06:52:07","modified_gmt":"2021-07-06T04:52:07","slug":"services","status":"publish","type":"page","link":"https:\/\/atelierdelarose.com\/index.php\/services\/","title":{"rendered":"Services"},"content":{"rendered":"<p>[vc_row][vc_column]<div class=\"sc_section sc_section_block \" style=\"margin-top: 9em;\"><div class=\"sc_section_inner\"><h2 class=\"sc_section_title sc_item_title sc_item_title_without_descr\">Nos services<\/h2><div class=\"sc_section_content_wrap\"><div class=\"columns_wrap sc_columns columns_nofluid sc_columns_count_3\"><div class=\"column-1_3 sc_column_item sc_column_item_1 odd first\">[vc_empty_space][vc_empty_space]<div class=\"sc_price_block sc_price_block_style_1\"><div class=\"featured_image\"><img decoding=\"async\" alt=\"Livraisons\" src=\"https:\/\/atelierdelarose.com\/wp-content\/uploads\/2020\/06\/bouquet-10-4.jpg\"><\/div><div class=\"sc_price_block_title\"><span>Livraisons<\/span><\/div><div class=\"sc_price_block_description\">\n<ul>\n<li>Livraison dans les communes Bruxelloises (10\u20ac), partout en Belgique et dans le monde gr\u00e2ce \u00e0 nos partenaires<\/li>\n<li>Nous contacter pour les frais de livraison<\/li>\n<\/ul>\n<\/div><div class=\"sc_price_block_money\"><\/div><div class=\"sc_price_block_link\"><a href=\"https:\/\/atelierdelarose.be\/index.php\/livraisons\/\" class=\"sc_button sc_button_square sc_button_style_hovered sc_button_size_small\">Plus d'info<\/a><\/div><\/div><\/div><div class=\"column-1_3 sc_column_item sc_column_item_2 even\">[vc_single_image image=&#8221;815&#8243; alignment=&#8221;center&#8221;][vc_empty_space height=&#8221;42px&#8221;]<div class=\"sc_price_block sc_price_block_style_1\"><div class=\"featured_image\"><img decoding=\"async\" alt=\"Services aux particuliers\" src=\"654\"><\/div><div class=\"sc_price_block_title\"><span>Services aux particuliers<\/span><\/div><div class=\"sc_price_block_description\">\n<ul>\n<li>Livraison d&#8217;un bouquet ou d&#8217;une composition \u00e0 domicile au rythme de vos envies<\/li>\n<li>Composition florale mariage, enterrement (&#8230;)<\/li>\n<li>Atelier floral \u00e0 domicile (minimum 10 personnes)<\/li>\n<\/ul>\n<\/div><div class=\"sc_price_block_money\"><\/div><div class=\"sc_price_block_link\"><a href=\"https:\/\/atelierdelarose.com\/index.php\/services-aux-particuliers\/\" class=\"sc_button sc_button_square sc_button_style_hovered sc_button_size_small\">plus d'info<\/a><\/div><\/div><\/div><div class=\"column-1_3 sc_column_item sc_column_item_3 odd\">[vc_empty_space][vc_empty_space]<div class=\"sc_price_block sc_price_block_style_1\"><div class=\"featured_image\"><img decoding=\"async\" alt=\"Services aux soci\u00e9t\u00e9s\" src=\"865\"><\/div><div class=\"sc_price_block_title\"><span>Services aux soci\u00e9t\u00e9s<\/span><\/div><div class=\"sc_price_block_description\">\n<ul>\n<li>Abonnement fleurs<\/li>\n<li>Livraison d&#8217;un bouquet ou d&#8217;une composition chaque semaine sur votre lieu de travail<\/li>\n<li>Am\u00e9nagement v\u00e9g\u00e9tal (plantes + cache-pot, location de plantes, entretien)<\/li>\n<li>D\u00e9coration florale de vos \u00e9v\u00e8nements d&#8217;entreprise<\/li>\n<li>Atelier floral en entreprise (minimum 10 personnes)<\/li>\n<\/ul>\n<\/div><div class=\"sc_price_block_money\"><\/div><div class=\"sc_price_block_link\"><a href=\"https:\/\/atelierdelarose.com\/index.php\/services-societes\/\" class=\"sc_button sc_button_square sc_button_style_hovered sc_button_size_small\">plus d'info<\/a><\/div><\/div><\/div><\/div><\/div><\/div><\/div>[\/vc_column][\/vc_row]<\/p>\n","protected":false},"excerpt":{"rendered":"<p>[vc_row][vc_column][\/vc_column][\/vc_row]<\/p>\n","protected":false},"author":1,"featured_media":0,"parent":0,"menu_order":0,"comment_status":"closed","ping_status":"closed","template":"","meta":{"footnotes":""},"class_list":["post-178","page","type-page","status-publish","hentry"],"_links":{"self":[{"href":"https:\/\/atelierdelarose.com\/index.php\/wp-json\/wp\/v2\/pages\/178","targetHints":{"allow":["GET"]}}],"collection":[{"href":"https:\/\/atelierdelarose.com\/index.php\/wp-json\/wp\/v2\/pages"}],"about":[{"href":"https:\/\/atelierdelarose.com\/index.php\/wp-json\/wp\/v2\/types\/page"}],"author":[{"embeddable":true,"href":"https:\/\/atelierdelarose.com\/index.php\/wp-json\/wp\/v2\/users\/1"}],"replies":[{"embeddable":true,"href":"https:\/\/atelierdelarose.com\/index.php\/wp-json\/wp\/v2\/comments?post=178"}],"version-history":[{"count":27,"href":"https:\/\/atelierdelarose.com\/index.php\/wp-json\/wp\/v2\/pages\/178\/revisions"}],"predecessor-version":[{"id":1965,"href":"https:\/\/atelierdelarose.com\/index.php\/wp-json\/wp\/v2\/pages\/178\/revisions\/1965"}],"wp:attachment":[{"href":"https:\/\/atelierdelarose.com\/index.php\/wp-json\/wp\/v2\/media?parent=178"}],"curies":[{"name":"wp","href":"https:\/\/api.w.org\/{rel}","templated":true}]}}